lculate the highest common divisor of 512 and 5760.
128
Calculate the greatest common divisor of 70 and 14810.
10
Calculate the greatest common factor of 504 and 56.
56
What is the greatest common factor of 1577 and 19?
19
Calculate the greatest common factor of 2420 and 140.
20
Calculate the highest common divisor of 78 and 130.
26
Calculate the greatest common factor of 3 and 16671.
3
Calculate the greatest common divisor of 126 and 1386.
126
Calculate the highest common divisor of 333 and 4736.
37
Calculate the greatest common divisor of 2295 and 85.
85
What is the highest common divisor of 207 and 1403?
23
Calculate the greatest common factor of 97 and 679.
97
What is the greatest common factor of 19 and 4978?
19
Calculate the greatest common factor of 51195 and 15.
15
What is the highest common divisor of 87 and 3?
3
What is the greatest common divisor of 51 and 177?
3
Calculate the greatest common factor of 72 and 16020.
36
Calculate the greatest common divisor of 1251 and 9.
9
Calculate the greatest common factor of 1633 and 71.
71
Calculate the highest common divisor of 87 and 203.
29
Calculate the highest common factor of 25 and 6925.
25
Calculate the greatest common divisor of 4921 and 19.
19
What is the highest common divisor of 11435 and 25?
5
Calculate the greatest common divisor of 460 and 828.
92
What is the highest common divisor of 16 and 496?
16
What is the highest common divisor of 143 and 117?
13
What is the greatest common factor of 10 and 45?
5
What is the greatest common divisor of 200 and 8?
8
What is the greatest common divisor of 108 and 162?
54
What is the greatest common factor of 50 and 490?
10
Calculate the greatest common divisor of 5 and 1.
1
Calculate the highest common factor of 49 and 14.
7
Calculate the greatest common factor of 116 and 145.
29
Calculate the highest common factor of 11 and 44.
11
Calculate the greatest common divisor of 121 and 44.
11
Calculate the highest common divisor of 16 and 16.
16
What is the highest common divisor of 10 and 1285?
5
What is the highest common factor of 961 and 93?
31
Calculate the highest common factor of 2415 and 525.
105
What is the greatest common divisor of 66 and 18?
6
What is the highest common divisor of 108 and 6?
6
Calculate the highest common factor of 194 and 16102.
194
What is the greatest common factor of 242 and 94138?
242
What is the highest common divisor of 1617 and 176?
11
What is the highest common factor of 35 and 1715?
35
What is the greatest common factor of 644 and 6164?
92
Calculate the highest common factor of 202 and 1818.
202
Calculate the highest common factor of 4430 and 30.
10
What is the greatest common divisor of 240 and 1470?
30
What is the greatest common divisor of 37769 and 358?
179
What is the highest common factor of 768 and 1032?
24
Calculate the highest common factor of 132 and 2508.
132
What is the greatest common divisor of 335 and 100?
5
What is the greatest common factor of 640 and 20?
20
Calculate the highest common factor of 24 and 42.
6
Calculate the highest common divisor of 12 and 4332.
12
What is the greatest common divisor of 24 and 732?
12
Calculate the greatest common factor of 49 and 56.
7
What is the highest common factor of 992 and 186?
62
Calculate the highest common divisor of 120 and 30.
30
What is the highest common divisor of 5740 and 35?
35
Calculate the highest common factor of 7326 and 18.
18
Calculate the highest common divisor of 204 and 1920.
12
Calculate the highest common divisor of 72 and 2187.
9
Calculate the highest common factor of 16 and 46.
2
Calculate the greatest common divisor of 867 and 3.
3
What is the highest common divisor of 295 and 4189?
59
Calculate the highest common divisor of 2059 and 87.
29
Calculate the greatest common factor of 30 and 8520.
30
What is the greatest common factor of 1089 and 847?
121
Calculate the highest common factor of 5083 and 69.
23
What is the highest common factor of 1269 and 47?
47
Calculate the highest common divisor of 230 and 20.
10
Calculate the greatest common divisor of 21 and 581.
7
What is the greatest common factor of 48 and 408?
24
Calculate the highest common divisor of 81 and 26406.
81
Calculate the greatest common factor of 60 and 228.
12
What is the highest common factor of 121 and 1936?
121
What is the highest common divisor of 8 and 920?
8
Calculate the greatest common divisor of 26767 and 26.
13
Calculate the greatest common factor of 2844 and 144.
36
What is the greatest common divisor of 216 and 360?
72
Calculate the greatest common factor of 310 and 370.
10
Calculate the highest common factor of 39 and 54.
3
What is the greatest common divisor of 1075 and 43?
43
Calculate the greatest common factor of 34975 and 25.
25
Calculate the greatest common factor of 74 and 592.
74
Calculate the greatest common divisor of 128 and 192.
64
Calculate the greatest common factor of 252 and 315.
63
Calculate the highest common divisor of 10 and 3970.
10
What is the greatest common factor of 8074 and 88?
22
What is the highest common factor of 59 and 59?
59
What is the greatest common divisor of 408 and 168?
24
Calculate the highest common factor of 13 and 39.
13
What is the greatest common factor of 28 and 3748?
4
Calculate the greatest common divisor of 95 and 35.
5
What is the highest common factor of 9324 and 18?
18
What is the highest common factor of 20 and 3580?
20
What is the greatest common divisor of 36564 and 132?
132
Calculate the greatest common factor of 44 and 2266.
22
What is the highest common factor of 2401 and 21?
7
What is the highest common factor of 27 and 81?
27
Calculate the greatest common divisor of 1247 and 43.
43
Calculate the highest common factor of 18 and 462.
6
Calculate the highest common divisor of 132 and 66.
66
Calculate the highest common factor of 37 and 8177.
37
Calculate the highest common factor of 48 and 6.
6
Calculate the greatest common factor of 56 and 189.
7
Calculate the highest common factor of 1925 and 1210.
55
Calculate the highest common factor of 778 and 1167.
389
What is the highest common divisor of 161 and 28?
7
What is the highest common divisor of 1978 and 774?
86
What is the highest common factor of 4686 and 132?
66
Calculate the greatest common factor of 381 and 36703.
127
Calculate the highest common factor of 340 and 255.
85
What is the greatest common factor of 2773 and 47?
47
What is the highest common factor of 125 and 175?
25
Calculate the highest common divisor of 7202 and 26.
26
What is the highest common divisor of 106600 and 328?
328
Calculate the greatest common divisor of 3 and 327.
3
What is the highest common divisor of 506 and 44?
22
What is the highest common divisor of 42 and 1302?
42
Calculate the highest common factor of 48 and 156.
12
Calculate the greatest common factor of 6231 and 93.
93
What is the greatest common divisor of 14 and 17234?
14
What is the greatest common divisor of 198 and 429?
33
Calculate the greatest common factor of 51 and 19329.
51
What is the greatest common divisor of 465 and 15?
15
Calculate the highest common divisor of 512 and 2.
2
What is the greatest common divisor of 2 and 106?
2
What is the highest common divisor of 8862 and 126?
42
What is the highest common factor of 215 and 258?
43
What is the highest common factor of 2445 and 1793?
163
Calculate the greatest common divisor of 1029 and 21.
21
What is the greatest common factor of 32 and 53408?
32
Calculate the highest common divisor of 3 and 2538.
3
Calculate the greatest common factor of 2583 and 1148.
287
What is the greatest common divisor of 308 and 196?
28
What is the greatest common divisor of 390 and 286?
26
What is the highest common divisor of 371 and 14?
7
Calculate the greatest common factor of 9695 and 140.
35
Calculate the greatest common factor of 133 and 7.
7
What is the greatest common factor of 95292 and 36?
36
Calculate the greatest common divisor of 2110 and 160.
10
What is the highest common divisor of 115 and 23?
23
What is the highest common factor of 117 and 36?
9
What is the greatest common divisor of 7 and 651?
7
What is the greatest common factor of 111 and 148?
37
Calculate the greatest common factor of 70 and 238.
14
What is the greatest common factor of 6 an